{"id":2937,"date":"2022-03-21T10:51:29","date_gmt":"2022-03-21T10:51:29","guid":{"rendered":"https:\/\/www.huber1891.com\/?page_id=2937"},"modified":"2024-02-01T16:23:42","modified_gmt":"2024-02-01T16:23:42","slug":"impressum","status":"publish","type":"page","link":"https:\/\/www.huber1891.com\/index.php\/impressum\/","title":{"rendered":"IMPRESSUM"},"content":{"rendered":"<p>HUBER 1891<\/p>\n<p>F\u00fcr den Inhalt verantwortlich: Huber Kitz Kamin E.U.<br \/>\nFirmensitz: Jochberger Stra\u00dfe 102<\/p>\n<p>6370 Kitzb\u00fchel \u2013 AT<\/p>\n<p>Tel: <a href=\"callto:0043 (0) 5356 \/ 71616\">0043 (0) 5356 \/ 71616<\/a><\/p>\n<p>Email: <a href=\"mailto:emailto:office@kitzkamin.com\">office@kitzkamin.com<\/a><\/p>\n<p>Beh\u00f6rde gem\u00e4\u00df ECG: Bezirskhauptmannschaft Kitzb\u00fchel<\/p>\n<p>UID-Nummer: 74219678<\/p>\n<p>Firmenbuchnummer: 24418i<\/p>\n<p>Fachgruppe: Rauchfankehrer<\/p>\n<p><a>RECHTLICHE HINWEISE<\/a><\/p>\n<h4><\/h4>\n<h4>GLEICHSTELLUNG \u2013\u00a0BARRIEREFREIHEIT \u2013\u00a0STREITBEILEGUNG<\/h4>\n<p>Viktor Huber Kitz Kamin\u00a0hat im Sinne der besseren Lesbarkeit der Inhalte in dieser Webseite entweder die m\u00e4nnliche oder weibliche Form von personenbezogenen Bezeichnungen gew\u00e4hlt. Dies impliziert keinesfalls eine Benachteiligung des jeweils anderen Geschlechts. Wenn zum Beispiel von Vermieterinnen oder Besuchern gesprochen wird, meinen wir gleicherma\u00dfen und selbstverst\u00e4ndlich auch Vermieter und Besucherinnen. Alle Informationen sprechen Frauen und M\u00e4nner gleicherma\u00dfen an.<\/p>\n<p>Diese Webseite ist leider f\u00fcr Personen mit k\u00f6rperlichen Einschr\u00e4nkungen wie zum Beispiel Sehen, H\u00f6ren oder Motorik nicht vollst\u00e4ndig funktionsf\u00e4hig. Viktor Huber Kitz Kamin\u00a0entschuldigt sich f\u00fcr diesen Umstand und bietet an, \u00fcber andere Kan\u00e4le wie am Telefon (T.:\u00a0+43 (0)53 56 \/ 716 16) Auskunft zu geben. Gerne verweisen wir an dieser Stelle auf die Schlichtungsstelle f\u00fcr Behindertengleichstellung des Sozialministeriums der Republik \u00d6sterreich.<\/p>\n<p>Auch die Europ\u00e4ische Kommission stellt eine Plattform zur Online-Streitbeilegung (OS) bereit. Die Webseite finden Sie unter\u00a0<a href=\"https:\/\/webgate.ec.europa.eu\/odr\/\">https:\/\/webgate.ec.europa.eu\/odr\/<\/a><\/p>\n<p>Bitte beachten Sie das alle Fotos urheberrechtlich gesch\u00fctzt sind.<\/p>\n<h5><\/h5>\n<h5>URHEBERRECHTE<\/h5>\n<p>Der Inhalt dieser Website ist urheberrechtlich gesch\u00fctzt. Die Bereitstellung von Inhalten und Bildmaterial dieser Website auf anderen Websites ist nur mit ausdr\u00fccklicher Genehmigung der Redaktion gestattet. Die auf der Website enthaltenen Angaben werden nach bestem Wissen erstellt und mit gro\u00dfer Sorgfalt auf Ihre Richtigkeit \u00fcberpr\u00fcft. Trotzdem sind inhaltliche und sachliche Fehler nicht vollst\u00e4ndig auszuschlie\u00dfen. Viktor Huber Kitz Kamin\u00a0\u00fcbernimmt deshalb keinerlei Garantie und Haftung f\u00fcr die Richtigkeit, Aktualit\u00e4t und Vollst\u00e4ndigkeit der bereitgestellten Informationen. Alle Angaben sind ohne Gew\u00e4hr.<\/p>\n<h5><\/h5>\n<h5>BILDNACHWEISE<\/h5>\n<p>Bilder wurden teilweise zur Verf\u00fcgung gestellt von\u00a0Viktor Huber Kitz Kamin.<\/p>\n<h5>HAFTUNG F\u00dcR LINKS<\/h5>\n<p>Trotz sorgf\u00e4ltiger inhaltlicher Kontrolle \u00fcbernehmen wir keine Haftung f\u00fcr die Inhalte externer Links. F\u00fcr den Inhalt der verlinkten Seiten sind ausschlie\u00dflich deren Betreiber verantwortlich.<\/p>\n<h5><\/h5>\n<h5>DISCLAIMER<\/h5>\n<p>Die Nutzung dieser Website dient rein zur Information. Der Betreiber \u00fcbernimmt keine Gew\u00e4hr f\u00fcr Aktualit\u00e4t, Richtigkeit, Vollst\u00e4ndigkeit oder Qualit\u00e4t der bereitgestellten Informationen. Den angebotenen Informationen kommt keine Rechtsverbindlichkeit zu.<\/p>\n<p>Eine Haftung f\u00fcr Sch\u00e4den jeglicher Art, die aufgrund von Nutzung oder Nichtnutzung dargebotener Informationen bzw. durch Nutzung fehlerhafter oder unvollst\u00e4ndiger Informationen verursacht wurden, ist grunds\u00e4tzlich ausgeschlossen.<\/p>\n<p>Bei direkten oder indirekten Verweisen auf fremde Websites (Hyperlinks) trifft dem Betreiber nur insofern eine Haftung, als sie von rechtswidrigen Inhalten Kenntnis besitzt und es ihr technisch m\u00f6glich und zumutbar ist, die Nutzung der rechtswidrigen Inhalte zu verhindern. Der Betreiber erkl\u00e4rt, dass zum Zeitpunkt der Linksetzung keine illegalen Inhalte auf den zu verlinkenden Seiten erkennbar waren. Auf die aktuelle und zuk\u00fcnftige Gestaltung, die Inhalte oder die Urheberschaft der verkn\u00fcpften Seiten hat der Betreiber keinen Einfluss und distanziert sich daher ausdr\u00fccklich von dort dargestellten, allenfalls ungesetzlichen Inhalten. F\u00fcr den Inhalt der verlinkten Seiten sind ausschlie\u00dflich deren Betreiber verantwortlich.<\/p>\n<p>Dieser Haftungsausschluss (Disclaimer) ist als Teil des Internetangebotes zu betrachten, von dem aus auf diese Seite verwiesen wurde. Sofern Teile oder einzelne Formulierungen dieses Haftungsausschlusses der geltenden Rechtslage nicht, nicht mehr oder nicht vollst\u00e4ndig entsprechen sollten, bleiben die \u00fcbrigen Teile des Dokumentes in ihrem Inhalt und ihrer G\u00fcltigkeit davon unber\u00fchrt<\/p>\n<h5><\/h5>\n<h5>GOOGLE ANALYTICS<\/h5>\n<p>Diese Website benutzt Google Analytics, einen Webanalysedienst der Google Inc. Google Analytics verwendet sog. Cookies, Textdateien, die auf Ihrem Computer gespeichert werden und die eine Analyse der Benutzung der Website durch Sie erm\u00f6glicht. Die durch den Cookie erzeugten Informationen \u00fcber Ihre Benutzung diese Website (einschlie\u00dflich Ihrer IP-Adresse) wird an einen Server von Google in den USA \u00fcbertragen und dort gespeichert. Google wird diese Informationen benutzen, um Ihre Nutzung der Website auszuwerten, um Reports \u00fcber die Websiteaktivit\u00e4ten f\u00fcr die Websitebetreiber zusammenzustellen und um weitere mit der Websitenutzung und der Internetnutzung verbundene Dienstleistungen zu erbringen. Auch wird Google diese Informationen gegebenenfalls an Dritte \u00fcbertragen, sofern dies gesetzlich vorgeschrieben oder soweit Dritte diese Daten im Auftrag von Google verarbeiten. Google wird in keinem Fall Ihre IP-Adresse mit anderen Daten der Google in Verbindung bringen. Sie k\u00f6nnen die Installation der Cookies durch eine entsprechende Einstellung Ihrer Browser Software verhindern; wir weisen Sie jedoch darauf hin, dass Sie in diesem Fall gegebenenfalls nicht s\u00e4mtliche Funktionen dieser Website voll umf\u00e4nglich nutzen k\u00f6nnen. Durch die Nutzung dieser Website erkl\u00e4ren Sie sich mit der Bearbeitung der \u00fcber Sie erhobenen Daten durch Google in der zuvor beschriebenen Art und Weise und zu dem zuvor benannten Zweck einverstanden.<\/p>\n<h5><\/h5>\n<h5>FACEBOOK PLUGIN<\/h5>\n<p>Auf unserer Website sind zudem Programme (Plug-ins) des sozialen Netzwerks Facebook enthalten. Diese werden ausschlie\u00dflich von der Facebook Inc., 1601 S. California Ave, Palo Alto, CA 94304, USA (Facebook) betrieben. Die Plug-Ins sind im Rahmen unseres Internetauftritts durch das Facebook Logo oder den Zusatz \u201eGef\u00e4llt mir\u201d kenntlich gemacht. Beim Besuch einer Website unseres Internetauftritts, die ein derartiges Plug-in beinhaltet, stellt ihr Browser eine direkte Verbindung mit den Servern von Facebook her, wodurch wiederum der Inhalt des Plug-ins an Ihren Browser \u00fcbermittelt und von diesem in die dargestellte Website eingebunden wird. Hierdurch wird die Information, dass Sie unsere Website besucht haben, an Facebook weitergeleitet. Sofern Sie w\u00e4hrend des Besuchs unserer Website \u00fcber Ihr pers\u00f6nliches Benutzerkonto bei Facebook eingeloggt sind, kann Facebook den Websitebesuch diesem Konto zuordnen. Durch Interaktion mit Plug-ins, z.B. durch anklicken des \u201eGef\u00e4llt mir\u201c-Buttons oder hinterlassen eines Kommentars werden diese entsprechenden Informationen direkt an Facebook \u00fcbermittelt und dort gespeichert. Wenn Sie eine solche Daten\u00fcbermittlung unterbinden m\u00f6chten, m\u00fcssen Sie sich vor dem Besuch unseres Internetauftritts unter Ihrem Facebook- Account ausloggen. Zweck und Umfang der Datenerhebung durch Facebook sowie die dortige weitere Verarbeitung und Nutzung Ihrer Daten wie auch Ihre diesbez\u00fcglichen Rechte und Einstellungsm\u00f6glichkeiten zum Schutz Ihrer Privatssph\u00e4re entnehmen Sie bitte den Datenschutzhinweisen von Facebook.<\/p>\n<h5><\/h5>\n<h5>TWITTER PLUGIN<\/h5>\n<p>Auf unseren Seiten sind Funktionen des Dienstes Twitter eingebunden. Diese Funktionen werden angeboten durch die Twitter Inc., 795 Folsom St., Suite 600, San Francisco, CA 94107, USA. Durch das Benutzen von Twitter und der Funktion \u201cRe-Tweet\u201d werden die von Ihnen besuchten Webseiten mit Ihrem Twitter-Account verkn\u00fcpft und anderen Nutzern bekannt gegeben. Dabei werden auch Daten an Twitter \u00fcbertragen. Wir weisen darauf hin, dass wir als Anbieter der Seiten keine Kenntnis vom Inhalt der \u00fcbermittelten Daten sowie deren Nutzung durch Twitter erhalten. Weitere Informationen hierzu finden Sie in der Datenschutzerkl\u00e4rung von Twitter unter twitter.com\/privacy. Ihre Datenschutzeinstellungen bei Twitter k\u00f6nnen Sie in den Konto-Einstellungen unter twitter.com\/account\/settings \u00e4ndern.<\/p>\n<h5><\/h5>\n<h5>EINBINDUNG VON DIENSTEN UND INHALTEN DRITTER<\/h5>\n<p>Es kann vorkommen, dass innerhalb dieses Onlineangebotes Inhalte Dritter, wie zum Beispiel Videos von YouTube, Kartenmaterial von Google-Maps, RSS-Feeds oder Grafiken von anderen Webseiten eingebunden werden. Dies setzt immer voraus, dass die Anbieter dieser Inhalte (nachfolgend bezeichnet als \u201cDritt-Anbieter\u201d) die IP-Adresse der Nutzer wahr nehmen. Denn ohne die IP-Adresse, k\u00f6nnten sie die Inhalte nicht an den Browser des jeweiligen Nutzers senden. Die IP-Adresse ist damit f\u00fcr die Darstellung dieser Inhalte erforderlich. Der Tourismusverband Kaiserwinkl hat keinen Einfluss darauf, falls die Dritt-Anbieter die IP-Adresse z. B. f\u00fcr statistische Zwecke speichern.<\/p>\n<h5><\/h5>\n<h5>COPYRIGHT<\/h5>\n<p>Inhalt, Struktur und Layout dieser Website sind urheberrechtlich gesch\u00fctzt. Urheberrechte f\u00fcr Bildmaterial, Texte und andere gesch\u00fctzte Werke, Marken und Kennzeichen werden dadurch nicht beschnitten. Ohne ausdr\u00fcckliche Zustimmung des Medieninhabers ist es nicht gestattet, das Angebot im Ganzen oder in Teilen zu kopieren oder sonstig zu verwenden (inklusive des Ausdrucks auf Papier).<\/p>\n<p><a>DATENSCHUTZ<\/a><\/p>\n<h5><\/h5>\n<h5>DATENSCHUTZ UND EU DSGVO INFORMATIONSPFLICHT<\/h5>\n<p>Der Schutz Ihrer pers\u00f6nlichen Daten ist uns ein besonderes Anliegen. Wir verarbeiten Ihre Daten daher ausschlie\u00dflich auf Grundlage der gesetzlichen Bestimmungen (DSGVO, TKG 2003). In diesen Datenschutzinformationen informieren wir Sie \u00fcber die wichtigsten Aspekte der Datenverarbeitung im Rahmen unserer Website.<\/p>\n<h5><\/h5>\n<h4>RECHTSGRUNDLAGE EINWILLIGUNG<\/h4>\n<h4>KONTAKT MIT UNS \u00dcBER DIE HOMEPAGE, DAS TELEFON, PER EMAIL ODER POSTALISCH:<\/h4>\n<h5><\/h5>\n<h5>NICHT KUNDEN<\/h5>\n<p>Wenn Sie per Formular auf der Website oder per E-Mail Kontakt mit uns aufnehmen, werden Ihre angegebenen Daten zwecks Bearbeitung der Anfrage und f\u00fcr den Fall von Anschlussfragen sechs Monate bei uns gespeichert. Diese Daten geben wir nicht ohne Ihre Einwilligung weiter.<\/p>\n<h5>KUNDENDATEN<\/h5>\n<p>Sie haben uns Daten \u00fcber sich freiwillig zur Verf\u00fcgung gestellt und wir verarbeiten und speichern diese Daten auf Grundlage Ihrer Einwilligung w\u00e4hrend des laufenden Kontaktes und dar\u00fcberhinaus 2 Jahre zu folgenden Zwecken: Email Kontakt, Newsletter Versandt, Angebots- und Rechnungsstellung, Schriftverkehr, Informations Nachrichten.<\/p>\n<h5>WIDERRUF IHRER DATEN<\/h5>\n<p>F\u00fcr Beide gilt: Sie k\u00f6nnen diese Einwilligung jederzeit widerrufen. Ein Widerruf hat zur Folge, dass wir Ihre Daten ab diesem Zeitpunkt zu oben genannten Zwecken nicht mehr verarbeiten. F\u00fcr einen Widerruf wenden Sie sich bitte an: \u00a0<a href=\"https:\/\/peaceful-hertz.178-77-102-167.plesk.page\/?preview_id=172&amp;preview_nonce=80aab7b479&amp;preview=true#\">office@HUBER1891.com<\/a><\/p>\n<h5>SPEICHERDAUER\/L\u00d6SCHUNGSFRIST<\/h5>\n<p>Wir speichern Ihre Daten f\u00fcr oben aufgelistete Zwecke. Ihre Daten werden nicht an Dritte weitergegeben.<\/p>\n<h5><\/h5>\n<h5>NEWSLETTER ABMELDUNG<\/h5>\n<p>In jedem Newsletter, der versendet worden ist, ist ein \u201e<a href=\"https:\/\/www.newsletter2go.at\/features\/newsletter-abmeldungen\/\">Abmeldelink<\/a>\u201c enthalten. Durch einen Klick auf diesen Link k\u00f6nnen Sie sich in einem Schritt von dem Newsletter abmelden. Sollten Sie beispielsweise einen Newsletter mit Informationen von Kitzkamin erhalten, k\u00f6nnen Sie sich \u00fcber diesen Link abmelden. Alternativ k\u00f6nnen Sie auch eine Email an: office@kitzkamin.com senden.<\/p>\n<h4><\/h4>\n<h5>NOCH MEHR ZU GEBRAUCH UND WEITERGABE VON PERS\u00d6NLICHEN ANGABEN<\/h5>\n<p>Von Ihnen an uns \u00fcbermittelte pers\u00f6nliche Angaben werden nur zur Beantwortung Ihrer Fragen, zum Abschluss von Vertr\u00e4gen und f\u00fcr die technische Verwaltung verwendet und nur auf Anfrage von \u00f6sterreichischen Beh\u00f6rden nach entsprechenden Gerichtsverfahren weitergegeben. Ihre pers\u00f6nlichen Angaben werden an Dritte nur dann weitergegeben, wenn dies f\u00fcr die Vertragsausf\u00fchrung erforderlich ist bzw nachdem Sie Ihre Zustimmung gegeben haben. Sie haben das Recht, Ihre Zustimmung jederzeit zu widerrufen; der Widerruf ist ab dem Zeitpunkt des Widerrufs g\u00fcltig.Wir schicken Ihnen Werbung oder Newsletter per E-Mail oder auf anderen elektronischen Wegen nur, wenn Sie dem zustimmen. Sie k\u00f6nnen Werbung oder Newsletter auf Wunsch jederzeit und kostenfrei abbestellen, indem Sie beim Newsletter sich abmelden, oder uns einen Brief oder eine E-Mail schicken; die Kontaktangaben sind in unserem Impressum angegeben.<\/p>\n<h4><\/h4>\n<h5>RECHTE<\/h5>\n<p>Ihre Rechte: Ihnen stehen grunds\u00e4tzlich die Rechte auf Auskunft, Berichtigung, L\u00f6schung, Einschr\u00e4nkung, Daten\u00fcbertragbarkeit, Widerruf und Widerspruch zu. Wenn Sie glauben, dass die Verarbeitung Ihrer Daten gegen das Datenschutzrecht verst\u00f6\u00dft oder Ihre datenschutzrechtlichen Anspr\u00fcche sonst in einer Weise verletzt worden sind, k\u00f6nnen Sie sich bei der Aufsichtsbeh\u00f6rde beschweren. In \u00d6sterreich ist dies die Datenschutzbeh\u00f6rde.<\/p>\n<h4><\/h4>\n<h5>SOZIALE NETZWERKE UND AUTOMATISCHES HERUNTERLADEN VON IMAGES<\/h5>\n<p>Wir arbeiten mit verschieden sozialen Netzwerken zusammen. Bei Nutzung dieses Service wird Ihr Browser automatisch mit dem betreffenden Netzwerk verbunden und \u00fcbermittelt dabei Ihre IPAdresse und auch andere Informationen, wie Cookies, wenn Sie die betreffende Plattform bereits zuvor besucht haben. Wir vermeiden, soweit m\u00f6glich, diese Art von Daten\u00fcbertragung solange, bis Sie mit einer der Plattformen tats\u00e4chlich interagieren. Durch Anklicken des betreffenden Symbols (zB. Facebook-Logo) geben Sie an, dass Sie bereit sind, mit der ausgew\u00e4hlten Plattform zu kommunizieren (in diesem Fall Facebook) und dass Informationen \u00fcber Sie, wie Ihre IP-Adresse, diesem sozialen Netzwerk \u00fcbermittelt werden.<\/p>\n<p>Wir verwenden teilweise auf unserer Website sogenannte \u201eeingebettete\u201c Social-MediaPlug-Ins (Schnittstellen zu sozialen Netzwerken). Beim Besuch der Website stellt das System aufgrund der Einbindung der Plug-Ins automatisch eine Verbindung mit dem jeweiligen sozialen Netzwerk her und \u00fcbertr\u00e4gt Daten (IP-Adresse, Besuch der Website etc.). Die Daten\u00fcbertragung geschieht ohne das Zutun und au\u00dferhalb der Verantwortung des Betreibers. Der Nutzer kann diese Daten\u00fcbertragung verhindern, indem er sich vor dem Besuch der Website bei den jeweiligen sozialen Netzwerken ausloggt. Nur im \u201eeingeloggten\u201c Zustand kann das soziale Netzwerk spezifische Daten dem Aktivit\u00e4ten-Profil des Nutzers durch automatische Daten\u00fcbertragung zuordnen. Die automatisch \u00fcbertragenen Daten werden ausschlie\u00dflich von den Betreibern der sozialer Netzwerke genutzt und nicht durch uns der webfactory n&amp;p. Weitere Informationen dazu, unter anderem auch zum Inhalt der Datenerhebung durch die sozialen Netzwerke, k\u00f6nnen direkt der Internetseite des entsprechenden sozialen Netzwerks entnommen werden. Dort k\u00f6nnen auch die Privatsph\u00e4re-Einstellungen angepasst werden. Die auf der Website eingebundenen sozialen Netzwerke sind:<br \/>\nFacebook (\u201egef\u00e4llt mir\u201c) Facebook Inc., 1601 S California Ave, Palo Alto, CA, 94304, USA N\u00e4here Informationen unter\u00a0<a href=\"https:\/\/de-de.facebook.com\/policy.php\" target=\"_blank\" rel=\"noopener\">https:\/\/de-de.facebook.com\/policy.php<\/a>.<br \/>\nGoogle (\u201e+1\u201c) Google Inc., Amphitheatre Parkway, Mountain View, CA 94043, USA Seite 5 N\u00e4here Informationen unter\u00a0<a href=\"http:\/\/www.google.com\/intl\/de_ALL\/policies\/terms\/\" target=\"_blank\" rel=\"noopener\">http:\/\/www.google.com\/intl\/de_ALL\/policies\/terms\/<\/a>.<\/p>\n<h3><\/h3>\n<h5>ALLGEMEINE INFORMATIONEN ZU COOKIES<\/h5>\n<p>Cookies sind kleine Textdateien, die durch eine Webseite und mit Hilfe des Browsers auf der Festplatte eines Clientcomputers abgelegt werden, um kleinere Informationsmengen der Webseite f\u00fcr einen gewissen Zeitraum abzuspeichern. Generell gibt es verschiedene Arten von Cookies; diese unterteilen sich in technische Cookies und Profilierungs-Cookies (Cookies, die zu Marketing- und Werbezwecken verwendet werden).<\/p>\n<p>Diese Webseite verwendet ausschlie\u00dflich technische Cookies. Im Folgenden finden Sie die Details dazu.<\/p>\n<h4><\/h4>\n<h5>BESCHREIBUNG TECHNISCE COOKIES<\/h5>\n<p>Technische Cookies, sind in erster Linie f\u00fcr die Funktionalit\u00e4t der Website relevant. Darunter fallen Navigations- bzw. Session-Cookies, die ein bedienerfreundliches Navigieren auf der Seite erm\u00f6glichen. Des Weiteren gibt es sog. Analytics-Cookies, die Informationen z.B. \u00fcber die Anzahl der Webseiten-Besucher und den Weg der Besucher auf die Website sammeln. Zu der Gruppe der technischen Cookies z\u00e4hlen auch die Funktions-Cookies, welche es der Website erm\u00f6glichen, sich an Ihre getroffene Auswahl zu erinnern (z. B. von Ihnen selektierte Filtereinstellungen oder automatischen Sprachvoreinstellung einer Webseite).<\/p>\n<p>Sie k\u00f6nnen die Verwendung von Cookies generell oder selektiv verweigern. Wenn Sie unsere Cookies nicht akzeptieren m\u00f6chten, k\u00f6nnen Sie diese \u00fcber Ihren Web-Browser ablehnen. Die entsprechende Funktion variiert von Browser zu Browser. In der Regel finden Sie sie jedoch im Abschnitt \u201cDatenschutz\u201d oder \u201cCookies\u201d des Men\u00fcs \u201cHilfe\u201d oder des Men\u00fcs \u201cEigenschaften\u201d Ihres Browsers. Bitte beachten Sie, dass es durchaus zu Funktionseinschr\u00e4nkungen f\u00fchren kann, sofern Sie keine Cookies akzeptieren.<\/p>\n<p>Nachfolgend zeigen wir auf, welche Technologien im Rahmen der Nutzung zu welchem Zweck, in welchem Umfang und welcher Art auf unseren Seiten verwendet werden. Es kann vorkommen, dass sog. Drittanbieter-Cookies (Cookies von Dritten) verwendet werden. Weiterf\u00fchrende Informationen sind als Link im jeweiligen Abschnitt hinterlegt. Sie k\u00f6nnen diese Drittanbieter-Cookies auch explizit in den Einstellungen des jeweiligen Browsers blockieren.<\/p>\n<h4><\/h4>\n<h5>WERBETRACKING \u2013 GOOGLE ANALYTICS<\/h5>\n<p>Um unser Angebot stetig zu verbessern und zu optimieren, nutzen wir sogenannte Tracking-Technologien. Diese Website benutzt Google Analytics, einen Webanalysedienst der Google Inc. (\u201eGoogle\u201c). Google Analytics verwendet Cookies, die eine Analyse der Benutzung der Website durch Sie erm\u00f6glichen mit dem Zweck die Attraktivit\u00e4t unserer Websites zu ermitteln und deren Leistungsf\u00e4higkeit und Inhalte zu verbessern. Die durch das Cookie erzeugten Informationen \u00fcber Ihre Benutzung diese Website (einschlie\u00dflich Ihrer IP-Adresse) wird an einen Server von Google in den USA \u00fcbertragen und dort gespeichert. Im Auftrag des Betreibers dieser Website wird Google diese Informationen verwenden, um Ihre Nutzung der Website auszuwerten, um Reports \u00fcber die Websiteaktivit\u00e4ten zusammenzustellen und um weitere mit der Websitenutzung und der Internetnutzung verbundene Dienstleistungen gegen\u00fcber dem Websitebetreiber zu erbringen. Auch wird Google diese Informationen gegebenenfalls an Dritte \u00fcbertragen, sofern dies gesetzlich vorgeschrieben ist oder soweit Dritte diese Daten im Auftrag von Google verarbeiten. In keinem Fall wird Ihre IP-Adresse mit anderen Daten von Google und\/oder anderen Webanalysedienstleistern in Verbindung gebracht.<\/p>\n<p>Sie k\u00f6nnen die Speicherung der Cookies durch eine entsprechende Einstellung Ihrer Browser-Software verhindern; wir weisen Sie jedoch darauf hin, dass Sie in diesem Fall gegebenenfalls nicht s\u00e4mtliche Funktionen dieser Website vollumf\u00e4nglich werden nutzen k\u00f6nnen. Sie k\u00f6nnen dar\u00fcber hinaus die Erfassung der durch das Cookie erzeugten und auf Ihre Nutzung der Website bezogenen Daten (inkl. Ihrer IP-Adresse) durch Google sowie die Verarbeitung dieser Daten durch Google verhindern, indem sie das unter dem Link\u00a0<a href=\"https:\/\/tools.google.com\/dlpage\/gaoptout?hl=de\" target=\"_blank\" rel=\"nofollow noopener\">tools.google.com\/dlpage\/gaoptout<\/a>\u00a0verf\u00fcgbare Browser-Plugin herunterladen und installieren.<\/p>\n<p>Allgemeine Informationen zu Google Analytics und Datenschutz finden Sie unter\u00a0<a href=\"https:\/\/www.google.com\/intl\/de\/analytics\/learn\/privacy.html\" target=\"_blank\" rel=\"nofollow noopener\">https:\/\/www.google.com\/intl\/de\/analytics\/learn\/privacy.html<\/a><\/p>\n<p>Durch die Nutzung dieser Webseite erkl\u00e4ren Sie sich mit der Bearbeitung der \u00fcber Sie erhobenen Daten durch Google und\/oder anderen Webanalysediensten in der zuvor beschrieben Art und Weise und zu dem zuvor benannten Zweck einverstanden.<\/p>\n<h4><\/h4>\n<h5>COOKIES \u00dcBER BROWSEREINSTELLUNGEN BLOCKIEREN<\/h5>\n<p><b>Firefox:<\/b><\/p>\n<ol>\n<li>Klicken Sie auf das Men\u00fc und auf Einstellungen.<\/li>\n<li>Gehen Sie zur Registerkarte Datenschutz.<\/li>\n<li>Im Bereich \u201eChronik\u201c w\u00e4hlen Sie bei \u201eFirefox wird eine Chronik:\u201c auf \u201enach benutzerdefinierten Einstellungen anlegen\u201c.<\/li>\n<li>In den nun aufscheinenden Auswahlm\u00f6glichkeiten entfernen Sie das H\u00e4kchen bei \u201eCookies akzeptieren\u201c<\/li>\n<li>Klicken Sie auf die Schaltfl\u00e4che \u201eOK\u201c.<\/li>\n<\/ol>\n<p>Detaillierte Informationen dazu finden Sie unter:\u00a0<a href=\"https:\/\/support.mozilla.org\/de\/kb\/Cookies-blockieren\" target=\"_blank\" rel=\"nofollow noopener\">https:\/\/support.mozilla.org\/de\/kb\/Cookies-blockieren<\/a><\/p>\n<p><b>\u00a0<\/b><\/p>\n<p><b>Google Chrome<\/b><\/p>\n<ol>\n<li>Klicken Sie auf das Men\u00fc und auf Einstellungen.<\/li>\n<li>Klicken Sie ganz unten auf \u201eErweiterte Einstellungen anzeigen\u201c.<\/li>\n<li>Klicken Sie im Bereich \u201cDatenschutz\u201d auf \u201eInhaltseinstellungen\u2026\u201c.<\/li>\n<li>Im Bereich Cookies w\u00e4hlen Sie \u201eSpeicherung von Daten f\u00fcr alle Websites blockieren\u201c aus.<\/li>\n<li>Klicken Sie auf die Schaltfl\u00e4che \u201eFertig\u201c.<\/li>\n<\/ol>\n<p>Detaillierte Informationen dazu finden Sie unter:\u00a0<a href=\"https:\/\/support.google.com\/chrome\/answer\/95647?hl=de\" target=\"_blank\" rel=\"nofollow noopener\">https:\/\/support.google.com\/chrome\/answer\/95647?hl=de<\/a><\/p>\n<p><b>\u00a0<\/b><\/p>\n<p><b>Internet Explorer<\/b><\/p>\n<ol>\n<li>\u00d6ffnen Sie unter dem Men\u00fcpunkt \u201eExtras\u201c die \u201eInternetoptionen\u201c oder wenn die Men\u00fcleiste nicht angezeigt wird auf das Men\u00fc-Symbol und auf \u201eInternetoptionen\u201c.<\/li>\n<li>Klicken Sie auf die Registerkarte \u201eDatenschutz\u201c<\/li>\n<li>\u00dcber den Schieberegler k\u00f6nnen Sie zwischen mehrere Stufen der Cookie-Verarbeitung entscheiden. Ist der Regler ganz oben, werden alle Cookies blockiert, ist er ganz unten, werden alle zugelassen.<\/li>\n<li>Klicken Sie auf die Schaltfl\u00e4che \u201eOK\u201c.<\/li>\n<\/ol>\n<p>Detaillierte Informationen dazu finden Sie unter:\u00a0<a href=\"https:\/\/windows.microsoft.com\/de-de\/windows7\/block-enable-or-allow-cookies\" target=\"_blank\" rel=\"nofollow noopener\">https:\/\/windows.microsoft.com\/de-de\/windows7\/block-enable-or-allow-cookies<\/a><\/p>\n<p><b>\u00a0<\/b><\/p>\n<p><b>Safari<\/b><\/p>\n<ol>\n<li>Klicken Sie in den Einstellungen auf \u201eDatenschutz\u201c<\/li>\n<li>Im Bereich \u201cCookies akzeptieren\u201d k\u00f6nnen Sie festlegen, ob und wann Safari die Cookies der Webseiten speichern soll. F\u00fcr weitere Informationen klicken Sie auf die Schaltfl\u00e4che Hilfe (durch ein Fragezeichen gekennzeichnet)<\/li>\n<\/ol>\n<p>Detaillierte Informationen dazu finden Sie unter:\u00a0<a href=\"https:\/\/support.apple.com\/kb\/PH5042?locale=en_US\" target=\"_blank\" rel=\"nofollow noopener\">https:\/\/support.apple.com\/kb\/PH5042?locale=en_US<\/a><\/p>\n","protected":false},"excerpt":{"rendered":"<p>HUBER 1891 F\u00fcr den Inhalt verantwortlich: Huber Kitz Kamin E.U. Firmensitz: Jochberger Stra\u00dfe 102 6370 Kitzb\u00fchel \u2013 AT Tel: 0043 (0) 5356 \/ 71616 Email: office@kitzkamin.com Beh\u00f6rde gem\u00e4\u00df ECG: Bezirskhauptmannschaft Kitzb\u00fchel UID-Nummer: 74219678 Firmenbuchnummer: 24418i Fachgruppe: Rauchfankehrer RECHTLICHE HINWEISE GLEICHSTELLUNG \u2013\u00a0BARRIEREFREIHEIT \u2013\u00a0STREITBEILEGUNG Viktor Huber Kitz Kamin\u00a0hat im Sinne der besseren Lesbarkeit der Inhalte in dieser&hellip; <a class=\"more-link\" href=\"https:\/\/www.huber1891.com\/index.php\/impressum\/\">Continue reading <span class=\"screen-reader-text\">IMPRESSUM<\/span><\/a><\/p>\n","protected":false},"author":2,"featured_media":0,"parent":0,"menu_order":0,"comment_status":"closed","ping_status":"closed","template":"","meta":{"footnotes":""},"class_list":["post-2937","page","type-page","status-publish","hentry","entry"],"_links":{"self":[{"href":"https:\/\/www.huber1891.com\/index.php\/wp-json\/wp\/v2\/pages\/2937","targetHints":{"allow":["GET"]}}],"collection":[{"href":"https:\/\/www.huber1891.com\/index.php\/wp-json\/wp\/v2\/pages"}],"about":[{"href":"https:\/\/www.huber1891.com\/index.php\/wp-json\/wp\/v2\/types\/page"}],"author":[{"embeddable":true,"href":"https:\/\/www.huber1891.com\/index.php\/wp-json\/wp\/v2\/users\/2"}],"replies":[{"embeddable":true,"href":"https:\/\/www.huber1891.com\/index.php\/wp-json\/wp\/v2\/comments?post=2937"}],"version-history":[{"count":19,"href":"https:\/\/www.huber1891.com\/index.php\/wp-json\/wp\/v2\/pages\/2937\/revisions"}],"predecessor-version":[{"id":2982,"href":"https:\/\/www.huber1891.com\/index.php\/wp-json\/wp\/v2\/pages\/2937\/revisions\/2982"}],"wp:attachment":[{"href":"https:\/\/www.huber1891.com\/index.php\/wp-json\/wp\/v2\/media?parent=2937"}],"curies":[{"name":"wp","href":"https:\/\/api.w.org\/{rel}","templated":true}]}}