{"id":448,"date":"2021-06-22T17:30:13","date_gmt":"2021-06-22T17:30:13","guid":{"rendered":"https:\/\/peaceful-hertz.178-77-102-167.plesk.page\/?page_id=448"},"modified":"2021-11-08T08:29:28","modified_gmt":"2021-11-08T08:29:28","slug":"das-siegel-huber-1891","status":"publish","type":"page","link":"https:\/\/www.huber1891.com\/index.php\/das-siegel-huber-1891\/","title":{"rendered":"DAS SIEGEL"},"content":{"rendered":"\t\t<div data-elementor-type=\"wp-page\" data-elementor-id=\"448\" class=\"elementor elementor-448\" data-elementor-post-type=\"page\">\n\t\t\t\t\t\t<section class=\"elementor-section elementor-top-section elementor-element elementor-element-4c80a19 elementor-section-boxed elementor-section-height-default elementor-section-height-default\" data-id=\"4c80a19\" data-element_type=\"section\" data-e-type=\"section\">\n\t\t\t\t\t\t<div class=\"elementor-container elementor-column-gap-default\">\n\t\t\t\t\t\t<\/div>\n\t\t<\/section>\n\t\t\t\t<section class=\"elementor-section elementor-top-section elementor-element elementor-element-a759924 elementor-section-boxed elementor-section-height-default elementor-section-height-default\" data-id=\"a759924\" data-element_type=\"section\" data-e-type=\"section\" data-settings=\"{&quot;background_background&quot;:&quot;classic&quot;}\">\n\t\t\t\t\t\t<div class=\"elementor-container elementor-column-gap-default\">\n\t\t\t\t\t<div class=\"elementor-column elementor-col-100 elementor-top-column elementor-element elementor-element-c90c162\" data-id=\"c90c162\" data-element_type=\"column\" data-e-type=\"column\">\n\t\t\t<div class=\"elementor-widget-wrap elementor-element-populated\">\n\t\t\t\t\t\t<div class=\"elementor-element elementor-element-4031544c elementor-widget elementor-widget-heading\" data-id=\"4031544c\" data-element_type=\"widget\" data-e-type=\"widget\" data-widget_type=\"heading.default\">\n\t\t\t\t<div class=\"elementor-widget-container\">\n\t\t\t\t\t<p class=\"elementor-heading-title elementor-size-default\">HUBER 1891<\/p>\t\t\t\t<\/div>\n\t\t\t\t<\/div>\n\t\t\t\t<div class=\"elementor-element elementor-element-384a42ab elementor-widget elementor-widget-heading\" data-id=\"384a42ab\" data-element_type=\"widget\" data-e-type=\"widget\" data-widget_type=\"heading.default\">\n\t\t\t\t<div class=\"elementor-widget-container\">\n\t\t\t\t\t<h2 class=\"elementor-heading-title elementor-size-default\">DAS SIEGEL<\/h2>\t\t\t\t<\/div>\n\t\t\t\t<\/div>\n\t\t\t\t<div class=\"elementor-element elementor-element-d38145c elementor-widget elementor-widget-image\" data-id=\"d38145c\" data-element_type=\"widget\" data-e-type=\"widget\" data-widget_type=\"image.default\">\n\t\t\t\t<div class=\"elementor-widget-container\">\n\t\t\t\t\t\t\t\t\t\t\t\t\t\t\t<img decoding=\"async\" src=\"https:\/\/www.huber1891.com\/wp-content\/uploads\/2021\/06\/Shieldlogo-800x-dark.png\" title=\"Shieldlogo 800x dark\" alt=\"Shieldlogo 800x dark\" loading=\"lazy\" \/>\t\t\t\t\t\t\t\t\t\t\t\t\t\t\t<\/div>\n\t\t\t\t<\/div>\n\t\t\t\t\t<\/div>\n\t\t<\/div>\n\t\t\t\t\t<\/div>\n\t\t<\/section>\n\t\t\t\t<section class=\"elementor-section elementor-top-section elementor-element elementor-element-06135f0 elementor-section-boxed elementor-section-height-default elementor-section-height-default\" data-id=\"06135f0\" data-element_type=\"section\" data-e-type=\"section\" data-settings=\"{&quot;background_background&quot;:&quot;classic&quot;}\">\n\t\t\t\t\t\t<div class=\"elementor-container elementor-column-gap-default\">\n\t\t\t\t\t<div class=\"elementor-column elementor-col-50 elementor-top-column elementor-element elementor-element-da2645c\" data-id=\"da2645c\" data-element_type=\"column\" data-e-type=\"column\">\n\t\t\t<div class=\"elementor-widget-wrap elementor-element-populated\">\n\t\t\t\t\t\t<div class=\"elementor-element elementor-element-54909c4 elementor-widget elementor-widget-text-editor\" data-id=\"54909c4\" data-element_type=\"widget\" data-e-type=\"widget\" data-widget_type=\"text-editor.default\">\n\t\t\t\t<div class=\"elementor-widget-container\">\n\t\t\t\t\t\t\t\t\t<p>Das Siegel Huber 1891, gezeichnet durch das Familienwappen, verspricht die traditionellen Werte einer 130 Jahre alten Erfahrung und erarbeitetem Vertrauen.\u00a0<span style=\"color: var( --e-global-color-secondary ); background-color: var( --e-global-color-eb01919 );\">Dargestellt durch den Familiennamen, dem Gr\u00fcndungsjahr und einer klassischen Interpretation des traditionellen Meistergildezeichens.\u00a0<\/span><span style=\"color: var( --e-global-color-secondary ); background-color: var( --e-global-color-eb01919 );\">Dieses gilt seit jeher als eine Aussage f\u00fcr exzellenten Qualit\u00e4tsstandard.\u00a0<\/span><span style=\"color: var( --e-global-color-secondary ); background-color: var( --e-global-color-eb01919 );\">Nur leichte, zeitgem\u00e4\u00dfse Adaptierungen wurden zum Schriftbild und der handgemalenen Elemente des Wappens gemacht, um einen Hauch des franz\u00f6sischen und italienischen savoir-vivre hineinzubringen.<\/span><\/p>\t\t\t\t\t\t\t\t<\/div>\n\t\t\t\t<\/div>\n\t\t\t\t\t<\/div>\n\t\t<\/div>\n\t\t\t\t<div class=\"elementor-column elementor-col-50 elementor-top-column elementor-element elementor-element-8549dc9\" data-id=\"8549dc9\" data-element_type=\"column\" data-e-type=\"column\">\n\t\t\t<div class=\"elementor-widget-wrap elementor-element-populated\">\n\t\t\t\t\t\t<div class=\"elementor-element elementor-element-121d003 elementor-widget elementor-widget-text-editor\" data-id=\"121d003\" data-element_type=\"widget\" data-e-type=\"widget\" data-widget_type=\"text-editor.default\">\n\t\t\t\t<div class=\"elementor-widget-container\">\n\t\t\t\t\t\t\t\t\t<p>Eine neue Form des Wohlbefindens, man k\u00f6nnte auch Luxus sagen, hat sich auf ganz nat\u00fcrliche Weise wieder in das Bewusstsein der Menschen gesetzt.<\/p><p>\u00a0<\/p><p>Um genau dieser Reform des Denkens zu entsprechen, hat sich Huber 1891 dazu entschlossen, jene Werte, die in diesem Familienunternehmen schon immer einen hohen Stellenwert hatten, in ein neues Konzept zu f\u00fchren.<\/p><p>Ein Standard, der diese Essenz einer Lebensart direkt in das eigene Haus bringt.<\/p><p>\u00a0<\/p>\t\t\t\t\t\t\t\t<\/div>\n\t\t\t\t<\/div>\n\t\t\t\t\t<\/div>\n\t\t<\/div>\n\t\t\t\t\t<\/div>\n\t\t<\/section>\n\t\t\t\t<section class=\"elementor-section elementor-top-section elementor-element elementor-element-a31b1be elementor-section-height-min-height elementor-section-boxed elementor-section-height-default elementor-section-items-middle\" data-id=\"a31b1be\" data-element_type=\"section\" data-e-type=\"section\" data-settings=\"{&quot;background_background&quot;:&quot;classic&quot;}\">\n\t\t\t\t\t\t\t<div class=\"elementor-background-overlay\"><\/div>\n\t\t\t\t\t\t\t<div class=\"elementor-container elementor-column-gap-default\">\n\t\t\t\t\t<div class=\"elementor-column elementor-col-100 elementor-top-column elementor-element elementor-element-abd60e5\" data-id=\"abd60e5\" data-element_type=\"column\" data-e-type=\"column\">\n\t\t\t<div class=\"elementor-widget-wrap elementor-element-populated\">\n\t\t\t\t\t\t<div class=\"elementor-element elementor-element-ee311b6 elementor-widget elementor-widget-text-editor\" data-id=\"ee311b6\" data-element_type=\"widget\" data-e-type=\"widget\" data-widget_type=\"text-editor.default\">\n\t\t\t\t<div class=\"elementor-widget-container\">\n\t\t\t\t\t\t\t\t\t<p>Eine Br\u00fccke, gesetzt auf die Grundfesten Tirols, die da von Stabilit\u00e4t und Nachhaltigkeit spricht.<\/p>\t\t\t\t\t\t\t\t<\/div>\n\t\t\t\t<\/div>\n\t\t\t\t\t<\/div>\n\t\t<\/div>\n\t\t\t\t\t<\/div>\n\t\t<\/section>\n\t\t\t\t<section class=\"elementor-section elementor-top-section elementor-element elementor-element-6d6ce2c elementor-section-boxed elementor-section-height-default elementor-section-height-default\" data-id=\"6d6ce2c\" data-element_type=\"section\" data-e-type=\"section\" data-settings=\"{&quot;background_background&quot;:&quot;classic&quot;}\">\n\t\t\t\t\t\t<div class=\"elementor-container elementor-column-gap-default\">\n\t\t\t\t\t<div class=\"elementor-column elementor-col-50 elementor-top-column elementor-element elementor-element-77e5fb6\" data-id=\"77e5fb6\" data-element_type=\"column\" data-e-type=\"column\">\n\t\t\t<div class=\"elementor-widget-wrap elementor-element-populated\">\n\t\t\t\t\t\t<div class=\"elementor-element elementor-element-e8bac7e elementor-widget elementor-widget-text-editor\" data-id=\"e8bac7e\" data-element_type=\"widget\" data-e-type=\"widget\" data-widget_type=\"text-editor.default\">\n\t\t\t\t<div class=\"elementor-widget-container\">\n\t\t\t\t\t\t\t\t\t<p>Nun schon in der f\u00fcnften Generation erkennt Florian Huber die Zeichen seiner Zeit und die M\u00f6glichkeiten einer speziellen Erweiterung des Familienunternehmens.&nbsp;<span style=\"color: var( --e-global-color-secondary ); background-color: var( --e-global-color-eb01919 );\">So wie sich Kitzb\u00fchel \u00fcber die Jahre von einem ehemals Bergbau dominierten Ort in ein international anerkanntes Ski und Erholungszentrum wandelte, so hat sich auch die Rolle des Kamins als Zentrum des Geschehens von einer einfachen Ausstattung zu einem zentralen, \u00e4sthetischen Begegnungsort entwickelt.<\/span><\/p>\t\t\t\t\t\t\t\t<\/div>\n\t\t\t\t<\/div>\n\t\t\t\t\t<\/div>\n\t\t<\/div>\n\t\t\t\t<div class=\"elementor-column elementor-col-50 elementor-top-column elementor-element elementor-element-838e6bd\" data-id=\"838e6bd\" data-element_type=\"column\" data-e-type=\"column\">\n\t\t\t<div class=\"elementor-widget-wrap elementor-element-populated\">\n\t\t\t\t\t\t<div class=\"elementor-element elementor-element-378bace elementor-widget elementor-widget-image\" data-id=\"378bace\" data-element_type=\"widget\" data-e-type=\"widget\" data-widget_type=\"image.default\">\n\t\t\t\t<div class=\"elementor-widget-container\">\n\t\t\t\t\t\t\t\t\t\t\t\t\t\t\t<img fetchpriority=\"high\" decoding=\"async\" width=\"500\" height=\"372\" src=\"https:\/\/www.huber1891.com\/wp-content\/uploads\/2021\/07\/florian.png\" class=\"attachment-large size-large wp-image-2065\" alt=\"\" srcset=\"https:\/\/www.huber1891.com\/wp-content\/uploads\/2021\/07\/florian.png 500w, https:\/\/www.huber1891.com\/wp-content\/uploads\/2021\/07\/florian-300x223.png 300w\" sizes=\"(max-width: 500px) 100vw, 500px\" style=\"width:100%;height:74.4%;max-width:500px\" \/>\t\t\t\t\t\t\t\t\t\t\t\t\t\t\t<\/div>\n\t\t\t\t<\/div>\n\t\t\t\t\t<\/div>\n\t\t<\/div>\n\t\t\t\t\t<\/div>\n\t\t<\/section>\n\t\t\t\t<section class=\"elementor-section elementor-top-section elementor-element elementor-element-e5d1575 elementor-section-full_width elementor-section-height-default elementor-section-height-default\" data-id=\"e5d1575\" data-element_type=\"section\" data-e-type=\"section\">\n\t\t\t\t\t\t<div class=\"elementor-container elementor-column-gap-default\">\n\t\t\t\t\t<div class=\"elementor-column elementor-col-100 elementor-top-column elementor-element elementor-element-547e9b5\" data-id=\"547e9b5\" data-element_type=\"column\" data-e-type=\"column\">\n\t\t\t<div class=\"elementor-widget-wrap elementor-element-populated\">\n\t\t\t\t\t\t<div class=\"elementor-element elementor-element-50bfdef elementor-widget elementor-widget-template\" data-id=\"50bfdef\" data-element_type=\"widget\" data-e-type=\"widget\" data-widget_type=\"template.default\">\n\t\t\t\t<div class=\"elementor-widget-container\">\n\t\t\t\t\t\t\t<div class=\"elementor-template\">\n\t\t\t\t\t<div data-elementor-type=\"section\" data-elementor-id=\"1555\" class=\"elementor elementor-1555\" data-elementor-post-type=\"elementor_library\">\n\t\t\t\t\t<section class=\"elementor-section elementor-top-section elementor-element elementor-element-3f283d3a elementor-section-boxed elementor-section-height-default elementor-section-height-default\" data-id=\"3f283d3a\" data-element_type=\"section\" data-e-type=\"section\" data-settings=\"{&quot;background_background&quot;:&quot;classic&quot;}\">\n\t\t\t\t\t\t<div class=\"elementor-container elementor-column-gap-default\">\n\t\t\t\t\t<div class=\"elementor-column elementor-col-33 elementor-top-column elementor-element elementor-element-539fd590\" data-id=\"539fd590\" data-element_type=\"column\" data-e-type=\"column\">\n\t\t\t<div class=\"elementor-widget-wrap elementor-element-populated\">\n\t\t\t\t\t\t<div class=\"elementor-element elementor-element-61ed83bb elementor-widget elementor-widget-heading\" data-id=\"61ed83bb\" data-element_type=\"widget\" data-e-type=\"widget\" data-widget_type=\"heading.default\">\n\t\t\t\t<div class=\"elementor-widget-container\">\n\t\t\t\t\t<h6 class=\"elementor-heading-title elementor-size-default\">Information<\/h6>\t\t\t\t<\/div>\n\t\t\t\t<\/div>\n\t\t\t\t<div class=\"elementor-element elementor-element-431cfcfc elementor-widget elementor-widget-text-editor\" data-id=\"431cfcfc\" data-element_type=\"widget\" data-e-type=\"widget\" data-widget_type=\"text-editor.default\">\n\t\t\t\t<div class=\"elementor-widget-container\">\n\t\t\t\t\t\t\t\t\t<p>Huber Kitz Kamin e.U.<\/p><p>Jochberger Stra\u00dfe 102<\/p><p>6370 Kitzb\u00fchel<\/p><p>\u00d6sterreich<\/p>\t\t\t\t\t\t\t\t<\/div>\n\t\t\t\t<\/div>\n\t\t\t\t\t<\/div>\n\t\t<\/div>\n\t\t\t\t<div class=\"elementor-column elementor-col-33 elementor-top-column elementor-element elementor-element-2e1b807\" data-id=\"2e1b807\" data-element_type=\"column\" data-e-type=\"column\">\n\t\t\t<div class=\"elementor-widget-wrap elementor-element-populated\">\n\t\t\t\t\t\t<div class=\"elementor-element elementor-element-5c27a944 elementor-widget elementor-widget-image\" data-id=\"5c27a944\" data-element_type=\"widget\" data-e-type=\"widget\" data-widget_type=\"image.default\">\n\t\t\t\t<div class=\"elementor-widget-container\">\n\t\t\t\t\t\t\t\t\t\t\t\t\t\t\t\t<a href=\"https:\/\/www.kitzkamin.com\/\">\n\t\t\t\t\t\t\t<img decoding=\"async\" src=\"https:\/\/www.huber1891.com\/wp-content\/uploads\/2021\/07\/huber_logo1.png\" title=\"huber_logo1\" alt=\"huber_logo1\" loading=\"lazy\" \/>\t\t\t\t\t\t\t\t<\/a>\n\t\t\t\t\t\t\t\t\t\t\t\t\t\t\t<\/div>\n\t\t\t\t<\/div>\n\t\t\t\t<div class=\"elementor-element elementor-element-581a66f9 elementor-widget elementor-widget-text-editor\" data-id=\"581a66f9\" data-element_type=\"widget\" data-e-type=\"widget\" data-widget_type=\"text-editor.default\">\n\t\t\t\t<div class=\"elementor-widget-container\">\n\t\t\t\t\t\t\t\t\t<p><a href=\"https:\/\/www.huber1891.com\/index.php\/impressum\/\">Impressum | <\/a><a href=\"https:\/\/www.huber1891.com\/index.php\/impressum\/\">Datenschutz<\/a><\/p>\t\t\t\t\t\t\t\t<\/div>\n\t\t\t\t<\/div>\n\t\t\t\t\t<\/div>\n\t\t<\/div>\n\t\t\t\t<div class=\"elementor-column elementor-col-33 elementor-top-column elementor-element elementor-element-1368ecb4\" data-id=\"1368ecb4\" data-element_type=\"column\" data-e-type=\"column\">\n\t\t\t<div class=\"elementor-widget-wrap elementor-element-populated\">\n\t\t\t\t\t\t<div class=\"elementor-element elementor-element-6a0665b6 elementor-widget elementor-widget-heading\" data-id=\"6a0665b6\" data-element_type=\"widget\" data-e-type=\"widget\" data-widget_type=\"heading.default\">\n\t\t\t\t<div class=\"elementor-widget-container\">\n\t\t\t\t\t<h6 class=\"elementor-heading-title elementor-size-default\">Kontakt<\/h6>\t\t\t\t<\/div>\n\t\t\t\t<\/div>\n\t\t\t\t<div class=\"elementor-element elementor-element-9fc4833 elementor-widget elementor-widget-text-editor\" data-id=\"9fc4833\" data-element_type=\"widget\" data-e-type=\"widget\" data-widget_type=\"text-editor.default\">\n\t\t\t\t<div class=\"elementor-widget-container\">\n\t\t\t\t\t\t\t\t\t<p>TEL: <a href=\"callto:+43 (0) 5356 \/ 716 16\">+43 (0) 5356 \/ 716 16<\/a><\/p><p>E-MAIL: <a href=\"mailto: office@kitzkamin.com\">office@kitzkamin.com<\/a><\/p>\t\t\t\t\t\t\t\t<\/div>\n\t\t\t\t<\/div>\n\t\t\t\t\t<\/div>\n\t\t<\/div>\n\t\t\t\t\t<\/div>\n\t\t<\/section>\n\t\t\t\t<\/div>\n\t\t\t\t<\/div>\n\t\t\t\t\t\t<\/div>\n\t\t\t\t<\/div>\n\t\t\t\t\t<\/div>\n\t\t<\/div>\n\t\t\t\t\t<\/div>\n\t\t<\/section>\n\t\t\t\t<\/div>\n\t\t","protected":false},"excerpt":{"rendered":"<p>HUBER 1891 DAS SIEGEL Das Siegel Huber 1891, gezeichnet durch das Familienwappen, verspricht die traditionellen Werte einer 130 Jahre alten Erfahrung und erarbeitetem Vertrauen.\u00a0Dargestellt durch den Familiennamen, dem Gr\u00fcndungsjahr und einer klassischen Interpretation des traditionellen Meistergildezeichens.\u00a0Dieses gilt seit jeher als eine Aussage f\u00fcr exzellenten Qualit\u00e4tsstandard.\u00a0Nur leichte, zeitgem\u00e4\u00dfse Adaptierungen wurden zum Schriftbild und der handgemalenen Elemente&hellip; <a class=\"more-link\" href=\"https:\/\/www.huber1891.com\/index.php\/das-siegel-huber-1891\/\">Continue reading <span class=\"screen-reader-text\">DAS SIEGEL<\/span><\/a><\/p>\n","protected":false},"author":1,"featured_media":0,"parent":0,"menu_order":0,"comment_status":"closed","ping_status":"closed","template":"","meta":{"footnotes":""},"class_list":["post-448","page","type-page","status-publish","hentry","entry"],"_links":{"self":[{"href":"https:\/\/www.huber1891.com\/index.php\/wp-json\/wp\/v2\/pages\/448","targetHints":{"allow":["GET"]}}],"collection":[{"href":"https:\/\/www.huber1891.com\/index.php\/wp-json\/wp\/v2\/pages"}],"about":[{"href":"https:\/\/www.huber1891.com\/index.php\/wp-json\/wp\/v2\/types\/page"}],"author":[{"embeddable":true,"href":"https:\/\/www.huber1891.com\/index.php\/wp-json\/wp\/v2\/users\/1"}],"replies":[{"embeddable":true,"href":"https:\/\/www.huber1891.com\/index.php\/wp-json\/wp\/v2\/comments?post=448"}],"version-history":[{"count":248,"href":"https:\/\/www.huber1891.com\/index.php\/wp-json\/wp\/v2\/pages\/448\/revisions"}],"predecessor-version":[{"id":2882,"href":"https:\/\/www.huber1891.com\/index.php\/wp-json\/wp\/v2\/pages\/448\/revisions\/2882"}],"wp:attachment":[{"href":"https:\/\/www.huber1891.com\/index.php\/wp-json\/wp\/v2\/media?parent=448"}],"curies":[{"name":"wp","href":"https:\/\/api.w.org\/{rel}","templated":true}]}}